divided by 67.
51
What is the remainder when 165784 is divided by 143?
47
What is the remainder when 1207511 is divided by 62?
61
Calculate the remainder when 387 is divided by 360.
27
Calculate the remainder when 368873 is divided by 27.
26
Calculate the remainder when 116399 is divided by 60.
59
What is the remainder when 22005 is divided by 579?
3
What is the remainder when 20415 is divided by 2264?
39
What is the remainder when 313973 is divided by 78479?
57
Calculate the remainder when 396 is divided by 21.
18
What is the remainder when 521 is divided by 92?
61
What is the remainder when 3202 is divided by 280?
122
Calculate the remainder when 2714 is divided by 912.
890
What is the remainder when 4180 is divided by 30?
10
Calculate the remainder when 5227 is divided by 1017.
142
Calculate the remainder when 3358 is divided by 554.
34
Calculate the remainder when 2585 is divided by 68.
1
Calculate the remainder when 10817 is divided by 3570.
107
Calculate the remainder when 5986 is divided by 282.
64
Calculate the remainder when 2067208 is divided by 1338.
1336
Calculate the remainder when 139849 is divided by 286.
281
What is the remainder when 3589 is divided by 61?
51
Calculate the remainder when 391 is divided by 133.
125
Calculate the remainder when 51614 is divided by 42.
38
Calculate the remainder when 16167 is divided by 8076.
15
Calculate the remainder when 6413 is divided by 3015.
383
Calculate the remainder when 4297 is divided by 473.
40
Calculate the remainder when 604269 is divided by 48.
45
What is the remainder when 18760 is divided by 27?
22
What is the remainder when 239888 is divided by 161?
159
Calculate the remainder when 51937 is divided by 753.
733
What is the remainder when 271751 is divided by 61?
57
Calculate the remainder when 24560 is divided by 65.
55
Calculate the remainder when 1180 is divided by 56.
4
Calculate the remainder when 345847 is divided by 205.
12
What is the remainder when 21012 is divided by 1169?
1139
What is the remainder when 37975 is divided by 101?
100
Calculate the remainder when 30101 is divided by 106.
103
What is the remainder when 5061 is divided by 5061?
0
What is the remainder when 29220 is divided by 19?
17
What is the remainder when 176 is divided by 80?
16
Calculate the remainder when 1925707 is divided by 17.
15
Calculate the remainder when 2465300 is divided by 1478.
1474
What is the remainder when 61775 is divided by 4410?
35
Calculate the remainder when 81439 is divided by 2262.
7
What is the remainder when 22377 is divided by 2251?
2118
Calculate the remainder when 9921 is divided by 3118.
567
What is the remainder when 4600 is divided by 26?
24
Calculate the remainder when 61768 is divided by 355.
353
Calculate the remainder when 1821 is divided by 1456.
365
What is the remainder when 2600 is divided by 1284?
32
What is the remainder when 143495 is divided by 125?
120
Calculate the remainder when 7133 is divided by 13.
9
What is the remainder when 636457 is divided by 413?
24
What is the remainder when 220147 is divided by 110068?
11
What is the remainder when 833 is divided by 224?
161
Calculate the remainder when 54667 is divided by 13553.
455
Calculate the remainder when 6575 is divided by 643.
145
What is the remainder when 240144 is divided by 26?
8
Calculate the remainder when 32450 is divided by 80.
50
Calculate the remainder when 12750 is divided by 705.
60
Calculate the remainder when 1292283 is divided by 223.
221
Calculate the remainder when 4055 is divided by 1453.
1149
What is the remainder when 214702 is divided by 53675?
2
What is the remainder when 163746 is divided by 73?
7
Calculate the remainder when 439301 is divided by 429.
5
Calculate the remainder when 279408 is divided by 279400.
8
What is the remainder when 25135 is divided by 27?
25
Calculate the remainder when 1803 is divided by 446.
19
Calculate the remainder when 219684 is divided by 373.
360
What is the remainder when 1746 is divided by 1599?
147
Calculate the remainder when 23084 is divided by 8.
4
What is the remainder when 4355 is divided by 628?
587
Calculate the remainder when 9073 is divided by 75.
73
What is the remainder when 601 is divided by 147?
13
Calculate the remainder when 629056 is divided by 238.
22
What is the remainder when 20343 is divided by 10155?
33
What is the remainder when 154844 is divided by 7038?
8
What is the remainder when 1951 is divided by 494?
469
Calculate the remainder when 3465 is divided by 3434.
31
Calculate the remainder when 1117 is divided by 125.
117
Calculate the remainder when 4522 is divided by 1103.
110
Calculate the remainder when 43341 is divided by 84.
81
What is the remainder when 538 is divided by 112?
90
What is the remainder when 87784 is divided by 73?
38
What is the remainder when 764 is divided by 478?
286
What is the remainder when 238247 is divided by 2?
1
What is the remainder when 548753 is divided by 13?
10
What is the remainder when 2085 is divided by 14?
13
What is the remainder when 1027320 is divided by 67?
9
What is the remainder when 8281 is divided by 1502?
771
What is the remainder when 4199 is divided by 13?
0
What is the remainder when 15920 is divided by 2570?
500
Calculate the remainder when 3583 is divided by 1288.
1007
What is the remainder when 7743 is divided by 3?
0
What is the remainder when 750212 is divided by 46?
44
What is the remainder when 1921 is divided by 519?
364
What is the remainder when 4415 is divided by 17?
12
Calculate the remainder when 2486 is divided by 509.
450
Calculate the remainder when 1437123 is divided by 718550.
23
What is the remainder when 7033 is divided by 37?
3
What is the remainder when 8967 is divided by 78?
75
What is the remainder when 2860 is divided by 52?
0
What is the remainder when 34671 is divided by 2?
1
What is the remainder when 7347 is divided by 6782?
565
Calculate the remainder when 3108 is divided by 325.
183
Calculate the remainder when 9571 is divided by 4690.
191
Calculate the remainder when 47607 is divided by 11.
10
What is the remainder when 6248 is divided by 62?
48
What is the remainder when 5995831 is divided by 43?
40
What is the remainder when 85589 is divided by 31?
29
What is the remainder when 80399 is divided by 198?
11
What is the remainder when 41400 is divided by 20689?
22
What is the remainder when 2400 is divided by 9?
6
Calculate the remainder when 30376 is divided by 1167.
34
What is the remainder when 612942 is divided by 251?
0
Calculate the remainder when 441934 is divided by 55240.
14
What is the remainder when 294743 is divided by 6854?
21
What is the remainder when 54289 is divided by 4172?
53
What is the remainder when 432919 is divided by 2867?
2
Calculate the remainder when 2649 is divided by 41.
25
What is the remainder when 645 is divided by 590?
55
What is the remainder when 51682 is divided by 1663?
129
Calculate the remainder when 31686 is divided by 60.
6
Calculate the remainder when 70964 is divided by 24.
20
What is the remainder when 4681 is divided by 792?
721
Calculate the remainder when 28796 is divided by 313.
0
Calculate the remainder when 117746 is divided by 55.
46
What is the remainder when 15595 is divided by 15592?
3
What is the remainder when 2754 is divided by 957?
840
What is the remainder when 28263 is divided by 2562?
81
What is the remainder when 3865 is divided by 129?
124
Calculate the remainder when 68892 is divided by 469.
418
Calculate the remainder when 73734 is divided by 26.
24
What is the remainder when 46037 is divided by 5754?
5
Calculate the remainder when 397383 is divided by 18.
15
Calculate the remainder when 9635 is divided by 1926.
5
What is the remainder when 908856 is divided by 62?
60
Calculate the remainder when 73095 is divided by 484.
11
What is the remainder when 14395 is divided by 400?
395
What is the remainder when 1072 is divided by 690?
382
What is the remainder when 38922 is divided by 4?
2
Calculate the remainder when 16452 is divided by 1495.
7
Calculate the remainder when 367311 is divided by 458.
453
What is the remainder when 14501 is divided by 3624?
5
What is the remainder when 7818 is divided by 201?
180
What is the remainder when 8341630 is divided by 624?
622
What is t